{"id":463,"date":"2023-11-09T15:36:38","date_gmt":"2023-11-09T14:36:38","guid":{"rendered":"https:\/\/aufblick.at\/?page_id=463"},"modified":"2024-01-25T11:43:45","modified_gmt":"2024-01-25T10:43:45","slug":"start2023","status":"publish","type":"page","link":"https:\/\/aufblick.at\/","title":{"rendered":"Videos voller Hoffnung, Ermutigung und Freude"},"content":{"rendered":"\n<style type=\"text\/css\" data-created_by=\"avia_inline_auto\" id=\"style-css-av-vzbow-9c726762c4529e73d5d4ab7c4cab388e\">\n.avia-section.av-vzbow-9c726762c4529e73d5d4ab7c4cab388e{\nmargin-top:0px;\nmargin-bottom:0px;\n}\n<\/style>\n<div id='hero'  class='avia-section av-vzbow-9c726762c4529e73d5d4ab7c4cab388e main_color avia-section-default avia-no-shadow  avia-builder-el-0  el_before_av_section  avia-builder-el-first  avia-bg-style-parallax container_wrap fullsize'  ><div class='container av-section-cont-open' ><main  role=\"main\" itemprop=\"mainContentOfPage\"  class='template-page content  av-content-full alpha units'><div class='post-entry post-entry-type-page post-entry-463'><div class='entry-content-wrapper clearfix'>\n<div class='flex_column_table av-kxaj8nz6-8c6ad3ee6a45d94bcef8a1454ca96b98 sc-av_one_half av-equal-height-column-flextable'>\n<style type=\"text\/css\" data-created_by=\"avia_inline_auto\" id=\"style-css-av-kxaj8nz6-8c6ad3ee6a45d94bcef8a1454ca96b98\">\n.flex_column.av-kxaj8nz6-8c6ad3ee6a45d94bcef8a1454ca96b98{\nborder-radius:3px 3px 3px 3px;\npadding:20px 20px 0px 20px;\n}\n<\/style>\n<div  class='flex_column av-kxaj8nz6-8c6ad3ee6a45d94bcef8a1454ca96b98 av_one_half  avia-builder-el-1  avia-builder-el-no-sibling  first flex_column_table_cell av-equal-height-column av-align-bottom av-animated-generic bottom-to-top  '     ><p>\n<style type=\"text\/css\" data-created_by=\"avia_inline_auto\" id=\"style-css-av-omooo-abd6ef2f2b334915ab23173a25d950a6\">\n.avia-image-container.av-omooo-abd6ef2f2b334915ab23173a25d950a6 img.avia_image{\nbox-shadow:none;\n}\n.avia-image-container.av-omooo-abd6ef2f2b334915ab23173a25d950a6 .av-image-caption-overlay-center{\ncolor:#ffffff;\n}\n<\/style>\n<div  class='avia-image-container av-omooo-abd6ef2f2b334915ab23173a25d950a6 av-styling-no-styling avia_animated_image av-animated-when-visible-95 top-to-bottom avia-align-center  avia-builder-el-2  el_before_av_heading  avia-builder-el-first '   itemprop=\"image\" itemscope=\"itemscope\" itemtype=\"https:\/\/schema.org\/ImageObject\" ><div class=\"avia-image-container-inner\"><div class=\"avia-image-overlay-wrap\"><img decoding=\"async\" fetchpriority=\"high\" class='wp-image-207 avia-img-lazy-loading-not-207 avia_image ' src=\"https:\/\/aufblick.at\/wp-content\/uploads\/2021\/12\/ab-favicon-180x180.png\" alt='' title='ab-favicon'  height=\"180\" width=\"180\"  itemprop=\"thumbnailUrl\" srcset=\"https:\/\/aufblick.at\/wp-content\/uploads\/2021\/12\/ab-favicon-180x180.png 180w, https:\/\/aufblick.at\/wp-content\/uploads\/2021\/12\/ab-favicon-300x300.png 300w, https:\/\/aufblick.at\/wp-content\/uploads\/2021\/12\/ab-favicon-80x80.png 80w, https:\/\/aufblick.at\/wp-content\/uploads\/2021\/12\/ab-favicon-36x36.png 36w, https:\/\/aufblick.at\/wp-content\/uploads\/2021\/12\/ab-favicon.png 500w\" sizes=\"(max-width: 180px) 100vw, 180px\" \/><\/div><\/div><\/div><br \/>\n\n<style type=\"text\/css\" data-created_by=\"avia_inline_auto\" id=\"style-css-av-kxajbgu8-d639cfeb151f6b76de4e76a82ac30a42\">\n#top .av-special-heading.av-kxajbgu8-d639cfeb151f6b76de4e76a82ac30a42{\nmargin:0 0 0 0;\npadding-bottom:0;\ncolor:#1d70a7;\nfont-size:24px;\n}\nbody .av-special-heading.av-kxajbgu8-d639cfeb151f6b76de4e76a82ac30a42 .av-special-heading-tag .heading-char{\nfont-size:25px;\n}\n#top #wrap_all .av-special-heading.av-kxajbgu8-d639cfeb151f6b76de4e76a82ac30a42 .av-special-heading-tag{\nfont-size:24px;\n}\n.av-special-heading.av-kxajbgu8-d639cfeb151f6b76de4e76a82ac30a42 .special-heading-inner-border{\nborder-color:#1d70a7;\n}\n.av-special-heading.av-kxajbgu8-d639cfeb151f6b76de4e76a82ac30a42 .av-subheading{\nfont-size:15px;\n}\n\n@media only screen and (min-width: 480px) and (max-width: 767px){ \n#top #wrap_all .av-special-heading.av-kxajbgu8-d639cfeb151f6b76de4e76a82ac30a42 .av-special-heading-tag{\nfont-size:0.8em;\n}\n}\n\n@media only screen and (max-width: 479px){ \n#top #wrap_all .av-special-heading.av-kxajbgu8-d639cfeb151f6b76de4e76a82ac30a42 .av-special-heading-tag{\nfont-size:0.8em;\n}\n}\n<\/style>\n<div  class='av-special-heading av-kxajbgu8-d639cfeb151f6b76de4e76a82ac30a42 av-special-heading-h3 custom-color-heading blockquote modern-quote modern-centered  avia-builder-el-3  el_after_av_image  avia-builder-el-last  av-inherit-size'><h3 class='av-special-heading-tag'  itemprop=\"headline\"  >VIDEOS<\/h3><div class='av_custom_color av-subheading av-subheading_below'><p>voller Hoffnung, Ermutigung und Freude<\/p>\n<\/div><div class=\"special-heading-border\"><div class=\"special-heading-inner-border\"><\/div><\/div><\/div><\/p><\/div><\/div><!--close column table wrapper. Autoclose: 1 --><\/div><\/div><\/main><!-- close content main element --><\/div><\/div>\n<style type=\"text\/css\" data-created_by=\"avia_inline_auto\" id=\"style-css-av-kxalgycs-16b2eee42305909db9d2aab72323d4ca\">\n.avia-section.av-kxalgycs-16b2eee42305909db9d2aab72323d4ca{\nmargin-bottom:0px;\n}\n<\/style>\n<div id='sign-up'  class='avia-section av-kxalgycs-16b2eee42305909db9d2aab72323d4ca main_color avia-section-default avia-no-border-styling  avia-builder-el-4  el_after_av_section  el_before_av_section  avia-bg-style-scroll container_wrap fullsize'  ><div class='container av-section-cont-open' ><div class='template-page content  av-content-full alpha units'><div class='post-entry post-entry-type-page post-entry-463'><div class='entry-content-wrapper clearfix'>\n\n<style type=\"text\/css\" data-created_by=\"avia_inline_auto\" id=\"style-css-av-yl2rs-b37d0d719f9b685262d4c77fc0a151bc\">\n#top .flex_column.av-yl2rs-b37d0d719f9b685262d4c77fc0a151bc{\nmargin-bottom:0px;\n}\n.flex_column.av-yl2rs-b37d0d719f9b685262d4c77fc0a151bc{\npadding:0px 0px 0px 0px;\n}\n.responsive #top #wrap_all .flex_column.av-yl2rs-b37d0d719f9b685262d4c77fc0a151bc{\nmargin-bottom:0px;\n}\n<\/style>\n<div  id=\"spacer\"  class='flex_column av-yl2rs-b37d0d719f9b685262d4c77fc0a151bc av_one_fifth  avia-builder-el-5  el_before_av_three_fifth  avia-builder-el-first  first flex_column_div av-zero-column-padding  '     ><\/div>\n<style type=\"text\/css\" data-created_by=\"avia_inline_auto\" id=\"style-css-av-kxask5uw-3b3eb863791f8aed96faed088b6a39ee\">\n@keyframes av_boxShadowEffect_av-kxask5uw-3b3eb863791f8aed96faed088b6a39ee-column {\n0%   { box-shadow:  0 0 0 0 rgba(0,36,58,0.24); opacity: 1; }\n100% { box-shadow:  0 0 10px 0 rgba(0,36,58,0.24); opacity: 1; }\n}\n#top .flex_column.av-kxask5uw-3b3eb863791f8aed96faed088b6a39ee{\nmargin-bottom:0px;\n}\n.flex_column.av-kxask5uw-3b3eb863791f8aed96faed088b6a39ee{\nbox-shadow: 0 0 10px 0 rgba(0,36,58,0.24);\nborder-radius:4px 4px 4px 4px;\npadding:20px 20px 0px 20px;\nbackground-color:#1d70a7;\n}\n.responsive #top #wrap_all .flex_column.av-kxask5uw-3b3eb863791f8aed96faed088b6a39ee{\nmargin-bottom:0px;\n}\n<\/style>\n<div  id=\"form\"  class='flex_column av-kxask5uw-3b3eb863791f8aed96faed088b6a39ee av_three_fifth  avia-builder-el-6  el_after_av_one_fifth  el_before_av_one_fifth  flex_column_div av-animated-generic pop-up shadow-not-animated  '     ><p>\n<style type=\"text\/css\" data-created_by=\"avia_inline_auto\" id=\"style-css-av-9h7c8-f1697534ef15caf6daf1b723159e8bf5\">\n#top .av-special-heading.av-9h7c8-f1697534ef15caf6daf1b723159e8bf5{\npadding-bottom:10px;\ncolor:#ffffff;\n}\nbody .av-special-heading.av-9h7c8-f1697534ef15caf6daf1b723159e8bf5 .av-special-heading-tag .heading-char{\nfont-size:25px;\n}\n.av-special-heading.av-9h7c8-f1697534ef15caf6daf1b723159e8bf5 .special-heading-inner-border{\nborder-color:#ffffff;\n}\n.av-special-heading.av-9h7c8-f1697534ef15caf6daf1b723159e8bf5 .av-subheading{\nfont-size:15px;\n}\n<\/style>\n<div  class='av-special-heading av-9h7c8-f1697534ef15caf6daf1b723159e8bf5 av-special-heading-h5 custom-color-heading blockquote modern-quote  avia-builder-el-7  el_before_av_mailchimp  avia-builder-el-first '><h5 class='av-special-heading-tag'  itemprop=\"headline\"  >Hinterlasse uns deine E-Mail-Adresse, um regelm\u00e4\u00dfig \u00fcber neue Videos informiert zu werden.<\/h5><div class=\"special-heading-border\"><div class=\"special-heading-inner-border\"><\/div><\/div><\/div><br \/>\n<form action=\"https:\/\/aufblick.at\/\" method=\"post\"  data-av-custom-send='mailchimp_send'data-fields-with-error=\"Found errors in the following field(s):\" class=\"avia_ajax_form av-form-labels-hidden   avia-builder-el-8  el_after_av_heading  avia-builder-el-last  av-custom-form-color av-light-form avia-mailchimp-form \" data-avia-form-id=\"1\" data-avia-redirect='' ><fieldset><p class='  first_form  form_element form_element_two_third' id='element_avia_0_1'><label for=\"avia_0_1\">E-Mail <abbr class=\"required\" title=\"ben\u00f6tigt\">*<\/abbr><\/label> <input name=\"avia_0_1\" class=\"text_input is_email\" type=\"text\" id=\"avia_0_1\" value=\"\"  placeholder='E-Mail*'\/><\/p><p class=\"form_element  form_element form_element_third av-last-visible-form-element modified_width\"><input type=\"hidden\" value=\"1\" name=\"avia_generated_form1\" \/><input type=\"submit\" value=\"Anmelden\" class=\"button\"  data-sending-label=\"Sende\"\/><\/p><p class=\"hidden\"><input type=\"text\" name=\"avia_avia_username_1\" class=\"hidden \" id=\"avia_avia_username_1\" value=\"\" \/><\/p><\/fieldset><\/form><div id=\"ajaxresponse_1\" class=\"ajaxresponse ajaxresponse_1 hidden\"><\/div><\/p><\/div>\n<style type=\"text\/css\" data-created_by=\"avia_inline_auto\" id=\"style-css-av-kylmkeby-9e8d77ffded13aeea923c88ba6a254ff\">\n#top .flex_column.av-kylmkeby-9e8d77ffded13aeea923c88ba6a254ff{\nmargin-bottom:0px;\n}\n.flex_column.av-kylmkeby-9e8d77ffded13aeea923c88ba6a254ff{\npadding:0px 0px 0px 0px;\n}\n.responsive #top #wrap_all .flex_column.av-kylmkeby-9e8d77ffded13aeea923c88ba6a254ff{\nmargin-bottom:0px;\n}\n<\/style>\n<div  class='flex_column av-kylmkeby-9e8d77ffded13aeea923c88ba6a254ff av_one_fifth  avia-builder-el-9  el_after_av_three_fifth  el_before_av_one_fifth  flex_column_div av-zero-column-padding  '     ><\/div>\n<style type=\"text\/css\" data-created_by=\"avia_inline_auto\" id=\"style-css-av-oj9b4-e0a5c1de7c75c24072e6bde2a5d570da\">\n#top .flex_column.av-oj9b4-e0a5c1de7c75c24072e6bde2a5d570da{\nmargin-top:0px;\nmargin-bottom:0px;\n}\n.flex_column.av-oj9b4-e0a5c1de7c75c24072e6bde2a5d570da{\npadding:0px 0px 0px 0px;\n}\n.responsive #top #wrap_all .flex_column.av-oj9b4-e0a5c1de7c75c24072e6bde2a5d570da{\nmargin-top:0px;\nmargin-bottom:0px;\n}\n<\/style>\n<div  class='flex_column av-oj9b4-e0a5c1de7c75c24072e6bde2a5d570da av_one_fifth  avia-builder-el-10  el_after_av_one_fifth  el_before_av_three_fifth  first flex_column_div av-zero-column-padding  column-top-margin'     ><\/div>\n<style type=\"text\/css\" data-created_by=\"avia_inline_auto\" id=\"style-css-av-kylmajg6-c73acb1d2489b9d7840177ed839c1546\">\n#top .flex_column.av-kylmajg6-c73acb1d2489b9d7840177ed839c1546{\nmargin-top:0px;\nmargin-bottom:0px;\n}\n.flex_column.av-kylmajg6-c73acb1d2489b9d7840177ed839c1546{\nborder-radius:3px 3px 3px 3px;\npadding:0 0 0 0;\n}\n.responsive #top #wrap_all .flex_column.av-kylmajg6-c73acb1d2489b9d7840177ed839c1546{\nmargin-top:0px;\nmargin-bottom:0px;\n}\n<\/style>\n<div  class='flex_column av-kylmajg6-c73acb1d2489b9d7840177ed839c1546 av_three_fifth  avia-builder-el-11  el_after_av_one_fifth  avia-builder-el-last  flex_column_div av-animated-generic fade-in av-zero-column-padding  column-top-margin'     ><section  class='av_textblock_section av-kxfvq3hy-a63b3b114d30ac633e40896095037471 '   itemscope=\"itemscope\" itemtype=\"https:\/\/schema.org\/CreativeWork\" ><div class='avia_textblock'  itemprop=\"text\" ><p style=\"text-align: center;\">Du kannst dich nat\u00fcrlich jederzeit vom Newsletter abmelden.<br \/>\nDer Versand erfolgt \u00fcber <span style=\"color: #72b4e0;\"><a style=\"color: #72b4e0;\" href=\"https:\/\/mailchimp.com\" target=\"_blank\" rel=\"noopener\">MailChimp.<\/a><\/span><\/p>\n<\/div><\/section><\/div>\n<\/p>\n<\/div><\/div><\/div><!-- close content main div --><\/div><\/div>\n<style type=\"text\/css\" data-created_by=\"avia_inline_auto\" id=\"style-css-av-lorak8v6-4577926be8e7b29c445aee3b51e981fb\">\n.avia-section.av-lorak8v6-4577926be8e7b29c445aee3b51e981fb{\nmargin-bottom:0px;\n}\n<\/style>\n<div id='youtube'  class='avia-section av-lorak8v6-4577926be8e7b29c445aee3b51e981fb main_color avia-section-default avia-no-border-styling  avia-builder-el-13  el_after_av_section  el_before_av_section  avia-bg-style-scroll container_wrap fullsize'  ><div class='container av-section-cont-open' ><div class='template-page content  av-content-full alpha units'><div class='post-entry post-entry-type-page post-entry-463'><div class='entry-content-wrapper clearfix'>\n\n\n<\/div><\/div><\/div><!-- close content main div --><\/div><\/div>\n<style type=\"text\/css\" data-created_by=\"avia_inline_auto\" id=\"style-css-av-jkws8-d563c52333b107b97def466449a47a4f\">\n.avia-section.av-jkws8-d563c52333b107b97def466449a47a4f{\nmargin-top:0px;\nmargin-bottom:0px;\n}\n<\/style>\n<div id='youtube'  class='avia-section av-jkws8-d563c52333b107b97def466449a47a4f main_color avia-section-no-padding avia-no-border-styling  avia-builder-el-15  el_after_av_section  el_before_av_section  avia-bg-style-parallax container_wrap fullsize'  ><div class='container av-section-cont-open' ><div class='template-page content  av-content-full alpha units'><div class='post-entry post-entry-type-page post-entry-463'><div class='entry-content-wrapper clearfix'>\n<div class='flex_column_table av-ew4e8-cdbaf1cb78c8af8491d2553ba4b95cb4 sc-av_one_half av-equal-height-column-flextable'>\n<style type=\"text\/css\" data-created_by=\"avia_inline_auto\" id=\"style-css-av-ew4e8-cdbaf1cb78c8af8491d2553ba4b95cb4\">\n.flex_column.av-ew4e8-cdbaf1cb78c8af8491d2553ba4b95cb4{\nborder-radius:3px 3px 3px 3px;\npadding:0 0 0 0;\n}\n<\/style>\n<div  class='flex_column av-ew4e8-cdbaf1cb78c8af8491d2553ba4b95cb4 av_one_half  avia-builder-el-16  avia-builder-el-no-sibling  first flex_column_table_cell av-equal-height-column av-align-bottom av-animated-generic pop-up av-zero-column-padding  '     ><div  class='avia-button-wrap av-7u10o-a5129b91f4c248184a034de9fdb15f46-wrap avia-button-center  avia-builder-el-17  avia-builder-el-no-sibling '>\n<style type=\"text\/css\" data-created_by=\"avia_inline_auto\" id=\"style-css-av-7u10o-a5129b91f4c248184a034de9fdb15f46\">\n#top #wrap_all .avia-button.av-7u10o-a5129b91f4c248184a034de9fdb15f46{\nbackground-color:#72b4e0;\nborder-color:#72b4e0;\ncolor:#ffffff;\nbox-shadow:none;\ntransition:all 0.4s ease-in-out;\n}\n<\/style>\n<a href='https:\/\/www.youtube.com\/@aufblick\/videos' class='avia-button av-7u10o-a5129b91f4c248184a034de9fdb15f46 avia-icon_select-yes-left-icon avia-size-x-large avia-position-center av-icon-on-hover' target=\"_blank\" rel=\"noopener noreferrer\"><span class='avia_button_icon avia_button_icon_left' aria-hidden='true' data-av_icon='\uf16a' data-av_iconfont='entypo-fontello'><\/span><span class='avia_iconbox_title' >Zu den Videos auf YouTube<\/span><\/a><\/div><\/div><\/div><!--close column table wrapper. Autoclose: 1 -->\n\n<\/div><\/div><\/div><!-- close content main div --><\/div><\/div>\n<style type=\"text\/css\" data-created_by=\"avia_inline_auto\" id=\"style-css-av-kylmodbp-0446cb034bf447ebfcf9d3094dff337a\">\n.avia-section.av-kylmodbp-0446cb034bf447ebfcf9d3094dff337a{\nmargin-top:0px;\nmargin-bottom:0px;\n}\n<\/style>\n<div id='contact'  class='avia-section av-kylmodbp-0446cb034bf447ebfcf9d3094dff337a main_color avia-section-no-padding avia-no-border-styling  avia-builder-el-18  el_after_av_section  avia-builder-el-last  avia-bg-style-parallax container_wrap fullsize'  ><div class='container av-section-cont-open' ><div class='template-page content  av-content-full alpha units'><div class='post-entry post-entry-type-page post-entry-463'><div class='entry-content-wrapper clearfix'>\n<div class='flex_column_table av-infjc-feb1f388b4f2e55fed5d6b59883e21e7 sc-av_one_half av-equal-height-column-flextable'>\n<style type=\"text\/css\" data-created_by=\"avia_inline_auto\" id=\"style-css-av-infjc-feb1f388b4f2e55fed5d6b59883e21e7\">\n.flex_column.av-infjc-feb1f388b4f2e55fed5d6b59883e21e7{\nborder-radius:3px 3px 3px 3px;\npadding:0 0 0 0;\n}\n<\/style>\n<div  class='flex_column av-infjc-feb1f388b4f2e55fed5d6b59883e21e7 av_one_half  avia-builder-el-19  avia-builder-el-no-sibling  first flex_column_table_cell av-equal-height-column av-align-bottom av-animated-generic fade-in av-zero-column-padding  '     ><p>\n<style type=\"text\/css\" data-created_by=\"avia_inline_auto\" id=\"style-css-av-cnsf4-48a5b7852076f3d436a7fd8aa0736b76\">\n#top .hr.hr-invisible.av-cnsf4-48a5b7852076f3d436a7fd8aa0736b76{\nheight:50px;\n}\n<\/style>\n<div  class='hr av-cnsf4-48a5b7852076f3d436a7fd8aa0736b76 hr-invisible  avia-builder-el-20  el_before_av_button  avia-builder-el-first '><span class='hr-inner '><span class=\"hr-inner-style\"><\/span><\/span><\/div><br \/>\n<div  class='avia-button-wrap av-al3dk-9fce42c1a6b12588bc1d3ed2c6a51628-wrap avia-button-center  avia-builder-el-21  el_after_av_hr  avia-builder-el-last '><a href='mailto:kontakt@aufblick.at'  class='avia-button av-al3dk-9fce42c1a6b12588bc1d3ed2c6a51628 avia-icon_select-yes-left-icon avia-size-medium avia-position-center avia-color-theme-color-subtle'  ><span class='avia_button_icon avia_button_icon_left' aria-hidden='true' data-av_icon='\ue805' data-av_iconfont='entypo-fontello'><\/span><span class='avia_iconbox_title' > Kontakt<\/span><\/a><\/div><\/p><\/div><\/div><!--close column table wrapper. Autoclose: 1 -->\n\n","protected":false},"excerpt":{"rendered":"","protected":false},"author":1,"featured_media":0,"parent":0,"menu_order":0,"comment_status":"closed","ping_status":"closed","template":"","meta":{"footnotes":""},"class_list":["post-463","page","type-page","status-publish","hentry"],"_links":{"self":[{"href":"https:\/\/aufblick.at\/index.php\/wp-json\/wp\/v2\/pages\/463","targetHints":{"allow":["GET"]}}],"collection":[{"href":"https:\/\/aufblick.at\/index.php\/wp-json\/wp\/v2\/pages"}],"about":[{"href":"https:\/\/aufblick.at\/index.php\/wp-json\/wp\/v2\/types\/page"}],"author":[{"embeddable":true,"href":"https:\/\/aufblick.at\/index.php\/wp-json\/wp\/v2\/users\/1"}],"replies":[{"embeddable":true,"href":"https:\/\/aufblick.at\/index.php\/wp-json\/wp\/v2\/comments?post=463"}],"version-history":[{"count":17,"href":"https:\/\/aufblick.at\/index.php\/wp-json\/wp\/v2\/pages\/463\/revisions"}],"predecessor-version":[{"id":484,"href":"https:\/\/aufblick.at\/index.php\/wp-json\/wp\/v2\/pages\/463\/revisions\/484"}],"wp:attachment":[{"href":"https:\/\/aufblick.at\/index.php\/wp-json\/wp\/v2\/media?parent=463"}],"curies":[{"name":"wp","href":"https:\/\/api.w.org\/{rel}","templated":true}]}}